et k(r) = -5*r**3 - 2*r**2 + r. Determine k(l).
-6
Let q be (8/14)/(12/42). Let c(w) = -q*w - 9 + 7 - 2*w. Let m = -4 - 0. Determine c(m).
14
Let k be 2/4 + 6/4. Let p = 37 + -33. Let y(d) = 0*d**k + d**2 + 5*d + 8*d**3 - p*d. Determine y(-1).
-8
Let t(p) = -37*p**2 - 3*p + 7. Let y(o) = -166*o**2 - 11*o + 29. Let q(h) = 9*t(h) - 2*y(h). Suppose 5*w = -2*v - 0*w - 17, -3*v - 3*w - 21 = 0. Determine q(v).
-1
Let m(i) = -7*i**3 - 4*i**2 + 15*i - 50. Let l(y) = 13*y**3 + 9*y**2 - 29*y + 96. Let u(p) = 6*l(p) + 11*m(p). Calculate u(-11).
4
Let n(y) be the first derivative of -7*y**2/2 - 4*y + 159. Give n(-3).
17
Let w(r) = -2*r**2 - 3*r + 2. Suppose 0 = 5*c - 8 - 7. Suppose -c*g = -29 + 8. Suppose -s = 4*i - 1, 4*s - i = -6*i - g. Calculate w(s).
-7
Let a(t) = -5*t**2 - 11*t + 6. Let j(m) = -m**2 - 2*m + 1. Let i(z) = -2*a(z) + 11*j(z). Let q(d) = -2*d**2 + d + 4. Let v(w) = -3*i(w) + q(w). Calculate v(0).
7
Let v = -308 - -311. Let j(s) = s**3 - 4*s**2 + s - 1. What is j(v)?
-7
Let g(x) be the first derivative of x**5/60 + 3*x**4/8 - x**3/6 - 13*x**2/2 + 15. Let h(i) be the second derivative of g(i). What is h(-9)?
-1
Let x(a) = -6*a**2 - 2*a + 6. Let l(s) = -s**2 - s + 1. Let i(m) = 8*l(m) - x(m). Suppose 0*c + 20 = -4*c. Determine i(c).
-18
Let p(v) be the first derivative of v**4/4 - 7*v**3/3 - 4*v**2 - 9*v - 307. What is p(8)?
-9
Let h(w) be the second derivative of w**4/12 + 2*w**3/3 + 3*w**2/2 - w - 2. What is h(-2)?
-1
Suppose 1 = -4*b - s, 3*b - 5*s = -3*s + 2. Let m(k) be the first derivative of k**3/3 + 8*k + 21. What is m(b)?
8
Let g(u) = u - 7. Suppose 7 = w - j, 3*w - 6*j = -10*j. Give g(w).
-3
Let y(c) = -c + 2. Let s be y(7). Let d(r) = -r - 12. Let v be d(s). Let m(g) = -g**2 - 7*g + 2. Give m(v).
2
Suppose 0 = -3*f - 4*o - 13, -4*f = -3*f + 4*o + 7. Let p = f - -5. Let q(d) = -2 - 1 + 0*d - p*d + 0. Give q(-3).
3
Suppose 3 = q + 3*d - 4*d, -4*q + 2*d + 16 = 0. Let t(m) = 99*m**2 - 100*m**2 + 0 + 1 - m + 5*m. Determine t(q).
-4
Let p(m) = -54*m**3 - 5*m**2 - 16*m - 28. Let t(s) = -11*s**3 - s**2 - 3*s - 5. Let j(o) = -2*p(o) + 11*t(o). Determine j(1).
-14
Let x = 551/2 + -275. Let v(c) be the first derivative of -x*c**2 + 4 + 7*c. What is v(7)?
0
Let o(x) be the first derivative of -4 + 1/2*x**2 - 10*x. Calculate o(6).
-4
Let d(s) = -2*s - 15. Let g(t) = -t - 8. Let x be g(0). Let j be d(x). Let i(y) = j + y**2 - 2*y - 6*y - 1. What is i(6)?
-12
Let b(l) = -l**3 + 4*l**2 + 3*l + 2. Suppose 0 = -3*u + 3*s - 8 + 32, -5*u + 37 = -4*s. Calculate b(u).
-8
Suppose 0 = -d + 2*c + 2*c + 5, 5*d - c = 25. Suppose -2*y + w = 2*w + 16, d*y + 3*w + 42 = 0. Let o(v) = v**3 + 6*v**2 - 3*v - 6. Determine o(y).
12
Let l(d) = 3. Let s(i) = -i - 1. Let t(r) = -7*r - 14. Let b(h) = 6*s(h) - t(h). Let w(f) = -2*b(f) + 7*l(f). Calculate w(-5).
15
Let z(p) be the second derivative of p**4/12 - 7*p**3/6 + 11*p**2/2 - 580*p. Give z(6).
5
Let v(m) be the second derivative of m**8/3360 + m**7/2520 - m**6/360 - m**5/40 - 7*m**4/4 - 14*m. Let t(s) be the third derivative of v(s). Determine t(-2).
-11
Let c = 17 - 26. Let u(b) be the third derivative of -b**4/24 - 5*b**3/3 - b**2. Determine u(c).
-1
Suppose -3*w + 5 = -4*f, 2*w = -f - 3*f + 30. Suppose p - 2*o = -o + w, -5*o - 19 = 3*p. Let c(j) = 5*j - 4*j**p + 5 - j**3 - 4*j**3 + 4*j**3. Calculate c(-5).
5
Let t(k) be the third derivative of -1/60*k**5 + 0 + 11*k - k**3 + k**2 - 3/8*k**4. Give t(-7).
8
Suppose 138*y - 136*y = -3*m - 19, -5*y + m = 5. Let b(j) = 10*j**2 + j + 3. Calculate b(y).
41
Let g(t) be the second derivative of 0*t**3 + t - t**2 + 0 - 1/6*t**4 + 1/20*t**5. Determine g(2).
-2
Let h(a) be the second derivative of -a**3/2 + 10*a. Suppose -4*j - 4*v = -24, 2*j + 6*v = 3*v + 7. Suppose -2*c + 5 = j. Determine h(c).
9
Let q(i) = 86 - 137 + 37*i + 49. Determine q(-1).
-39
Let z(r) = 94*r - 3*r**2 + 3*r**2 - 1 - r**2 + 8*r**3 - 97*r. Give z(-1).
-7
Let r = 27 + -21. Suppose 18 = 3*x - r*x. Let n(a) = -a**3 - 6*a**2 + 4. Let l be n(x). Let g(t) = t - 9. Give g(l).
-5
Let t(w) be the second derivative of -w**5/60 + w**4/12 - 4*w**3/3 + 2*w. Let n(p) be the second derivative of t(p). What is n(3)?
-4
Let j be 1/(8/(-24)*(-2)/38). Let h = j - 53. Let q(k) = 4*k + 5. Determine q(h).
21
Let o(x) = -x**2. Let j(w) = 7*w - 7. Let k(q) = j(q) + o(q). Let d be k(5). Let p(f) = 3 + d*f**2 + 3 - 5. Calculate p(-1).
4
Let d(r) = -r + 2. Suppose 7*s + 0 - 21 = 0. Suppose h + 5*l + 8 = -11, -2*h + s*l + 14 = 0. Give d(h).
1
Suppose 2*o = 4*l - 2, -7 = 3*o - 3*l - 2*l. Let f(i) = i**3 + 10*i**2 + 10*i + 3. Give f(o).
-6
Let r(x) = x**2 - 6*x + 9. Let v be -21*2/12*2. Let j(d) = 10*d + 76. Let g be j(v). What is r(g)?
9
Let l(m) = -m**3 - 5*m**2 - 4*m - 7. Suppose 0 = -15*f - 54 - 21. Determine l(f).
13
Let y(m) = -38 + 5*m + 2*m**2 - 3*m + 36. Let h = -82 - -84. Give y(h).
10
Let y(g) be the first derivative of g**3/3 + 4*g**2 + 13*g + 147. Give y(-6).
1
Let d(b) = 3*b - 2*b + 0*b + 0*b - 14. Let f = 12 - 5. What is d(f)?
-7
Let b(a) = 5*a**3 - 4*a**2 + 3*a - 1. Let p be (40 - 44)*((-2)/4)/1. What is b(p)?
29
Let w = -111 - -111. Let y(v) = 2*v**2 - v + 7. Calculate y(w).
7
Let a(x) = x + 5. Let h be a(0). Let p(r) = 5*r + r + 0*r - h*r. Let j = 2 + 3. Give p(j).
5
Let c(w) be the third derivative of w**7/420 + w**6/90 + w**5/40 + 5*w**3/6 + w**2. Let x(a) be the first derivative of c(a). What is x(-2)?
-6
Let r(a) = a**2 - 7. Let z be (-42)/(-12) - (-1)/2. Suppose 0*t + z*t = 0. Suppose 0 = -2*l - 3*j, 6*l - 3*l + 2*j = t. Give r(l).
-7
Let h = 332 + -330. Let s(x) be the first derivative of -1/2*x**h - 2 + 2*x. Determine s(-4).
6
Let y(s) = -312 + 623 - 295 - 3*s. Calculate y(5).
1
Suppose -49 = -24*u + 17*u. Let f(y) = -5 + 4 + 3*y**2 + u*y - 2*y**2. Determine f(-7).
-1
Let s(p) be the second derivative of -p**5/20 - p**4/6 + 2*p**3/3 + p**2/2 + 234*p. Calculate s(3).
-32
Let l(h) = h**3 + 5*h**2 + h - 1. Let r be -2 + -3*(-1 - -2). Let j be l(r). Let w be ((-3)/6)/(1/j). Let n(k) = -k**3 + 4*k**2 - 2*k. Determine n(w).
3
Let f = -33 - -27. Let m(a) = 16*a**2 - 7*a**2 - 3 - 8*a**2 + 5*a. Give m(f).
3
Let b(v) = v**2 - 7*v + 2. Let x = -109 + 101. Let m be x/(-44) - (-128)/22. Give b(m).
-4
Let l(w) = 17*w**3 + 20*w**2 + 5*w + 6. Let r(u) = 14*u**3 + 19*u**2 + 4*u + 7. Let y(x) = 5*l(x) - 6*r(x). Calculate y(14).
2
Let o be (-4)/(-6)*(-10 + 7) - 4. Let y(a) = -a**3 - 7*a**2 - 8*a - 14. What is y(o)?
-2
Let u(h) = h**3 - 12*h**2 - 13*h + 3. Let z be u(13). Suppose -2*m + 49 = -5*l + 13, z*m + 4*l - 8 = 0. Let c(s) = s - 15. Determine c(m).
-7
Let k(v) = -6*v - 56. Suppose -2*i = 3*b + 14, 54*b = 52*b + 3*i - 31. Give k(b).
-8
Let l(z) = z**2 + 2. Let q be l(2). Let r = 45 - 42. Let j(h) = 2*h - 4*h - r - 2. Give j(q).
-17
Let j = 1230 + -1249. Let u(s) = -s**2 - 23*s - 73. Determine u(j).
3
Suppose t - 36 = 37*t. Let w(z) = -17*z**2 - 4*z**2 + 4 - 5 - 3*z + 2*z. Determine w(t).
-21
Suppose 12 = 3*v, 3*r + 0*r - 2*v - 1 = 0. Let d(l) = -l**3 + 4*l**2 - 2*l - 7. What is d(r)?
-4
Let t(w) be the third derivative of 0*w + 1/12*w**4 + 0 + 1/60*w**5 + 1/3*w**3 - 15*w**2 + 1/120*w**6. Give t(-2).
-6
Let k(s) = s + 7. Let f be 3 + 1/((20/6)/(-10)). What is k(f)?
7
Let o(v) = 7*v**2 + v + 7. Let k(n) = -8*n**2 - 2*n - 8. Let l(z) = 6*k(z) + 7*o(z). Let g = 6 - 3. Suppose 0 = -g*j - f + 6, j - 5*f - 24 = -2*j. What is l(j)?
-5
Let h(q) be the third derivative of 3*q**4/8 + 3*q**3/2 + 3*q**2 - 6*q. Give h(-8).
-63
Let f(g) = -g. Suppose -4*y + 8 = -13*c + 14*c, -c - 5*y = -8. Give f(c).
-8
Let b(o) = -7 + o**3 + 11*o + 4*o - 14*o. Let i(y) = 3*y**2 - 2*y + 1. Let l be i(-2). Suppose -13*p = -l*p. Calculate b(p).
-7
Let g(y) = y + 4. Suppose 4*t + 0*t = 0. Suppose t = -2*x - i + 10, -i + 10 = -6*i. Suppose 2*v + x = -0*v. Calculate g(v).
1
Let r be (10/(-4))/(37/74) - -2. Let s(t) = 4*t**2 + 2. Determine s(r).
38
Let t(z) be the first derivative of -5*z**4/4 - z**2/2 + z - 5. Let b(d) = d**2 - 4*d + 3. Let h be b(3). Let y = h + 1. Calculate t(y).
-5
Let j be 10/45 - (-2)/(-9). Let h(z) be the second derivative of 2*z**3/3 + z**2 - 2*z. Let p(v) = -5*v - 1. Let b(t) = 6*h(t) + 5*p(t). Give b(j).
7
Let t(b) = 2*b + 1. Suppose 5*z + 12 = -2*w, 3*z = 4*w - 0*z - 2. Let f be (18 + -17)*(w - 0). Determine t(f).
-1
Let p(